{"id":367,"date":"2021-08-20T11:48:50","date_gmt":"2021-08-20T11:48:50","guid":{"rendered":"https:\/\/naturecaress.com\/index.php\/produkt\/calm-hydrating-moisturizer\/"},"modified":"2022-12-27T17:28:00","modified_gmt":"2022-12-27T16:28:00","slug":"darkovy-poukaz-na-masaz-praha-8","status":"publish","type":"product","link":"https:\/\/naturecaress.com\/index.php\/produkt\/darkovy-poukaz-na-masaz-praha-8\/","title":{"rendered":"D\u00e1rkov\u00fd poukaz na mas\u00e1\u017e Praha 8"},"content":{"rendered":"<p>D\u00e1rkov\u00fd poukaz na mas\u00e1\u017e Praha 8 je to prav\u00e9 pro va\u0161e bl\u00edzk\u00e9 v p\u0159\u00edjemn\u00e9m prost\u0159ed\u00ed na\u0161eho salonu v\u00e1s \u010dek\u00e1 medita\u010dn\u011b relaxa\u010dn\u00ed mas\u00e1\u017e s \u010dist\u011b p\u0159\u00edrodn\u00edmi esencemi, kter\u00e1 v\u00e1s zbav\u00ed stresu a p\u0159\u00edjemn\u011b dobije energi\u00ed.<\/p>\n","protected":false},"excerpt":{"rendered":"<p>D\u00e1rkov\u00fd poukaz na mas\u00e1\u017e na Praze 8 je to prav\u00e9 pro va\u0161e bl\u00edzk\u00e9 v p\u0159\u00edjemn\u00e9m prost\u0159ed\u00ed na\u0161eho salonu v\u00e1s \u010dek\u00e1 medita\u010dn\u011b relaxa\u010dn\u00ed mas\u00e1\u017e s \u010dist\u011b p\u0159\u00edrodn\u00edmi esencemi, kter\u00e1 v\u00e1s zbav\u00ed stresu a p\u0159\u00edjemn\u011b dobije energi\u00ed.<\/p>\n","protected":false},"featured_media":5071,"comment_status":"open","ping_status":"closed","template":"","meta":{"site-sidebar-layout":"default","site-content-layout":"content-boxed-container","ast-global-header-display":"","ast-main-header-display":"","ast-hfb-above-header-display":"","ast-hfb-below-header-display":"","ast-hfb-mobile-header-display":"","site-post-title":"","ast-breadcrumbs-content":"","ast-featured-img":"","footer-sml-layout":"","theme-transparent-header-meta":"default","adv-header-id-meta":"","stick-header-meta":"","header-above-stick-meta":"","header-main-stick-meta":"","header-below-stick-meta":""},"product_cat":[96],"product_tag":[],"class_list":["post-367","product","type-product","status-publish","has-post-thumbnail","hentry","product_cat-masaze","desktop-align-left","tablet-align-left","mobile-align-left"],"_links":{"self":[{"href":"https:\/\/naturecaress.com\/index.php\/wp-json\/wp\/v2\/product\/367","targetHints":{"allow":["GET"]}}],"collection":[{"href":"https:\/\/naturecaress.com\/index.php\/wp-json\/wp\/v2\/product"}],"about":[{"href":"https:\/\/naturecaress.com\/index.php\/wp-json\/wp\/v2\/types\/product"}],"replies":[{"embeddable":true,"href":"https:\/\/naturecaress.com\/index.php\/wp-json\/wp\/v2\/comments?post=367"}],"wp:featuredmedia":[{"embeddable":true,"href":"https:\/\/naturecaress.com\/index.php\/wp-json\/wp\/v2\/media\/5071"}],"wp:attachment":[{"href":"https:\/\/naturecaress.com\/index.php\/wp-json\/wp\/v2\/media?parent=367"}],"wp:term":[{"taxonomy":"product_cat","embeddable":true,"href":"https:\/\/naturecaress.com\/index.php\/wp-json\/wp\/v2\/product_cat?post=367"},{"taxonomy":"product_tag","embeddable":true,"href":"https:\/\/naturecaress.com\/index.php\/wp-json\/wp\/v2\/product_tag?post=367"}],"curies":[{"name":"wp","href":"https:\/\/api.w.org\/{rel}","templated":true}]}}